 437. What is the thousands digit of a(-9)?
1
Let v = 0 + -1. Let y(b) = 16*b + 5*b**2 + 10*b**2 + 5*b**2 - 15*b. What is the tens digit of y(v)?
1
Let c(l) = -l**3 + 12*l**2 + 26*l - 4. Let q be c(9). Let r = q + -277. What is the hundreds digit of r?
1
Let v be (-793)/13*(1 - 0) + -1. Suppose 4*t = -c - 51, 0 = -c + 5*c + 4*t + 180. Let d = c - v. What is the tens digit of d?
1
Let i = -258 - -172. Let v = i - -201. What is the units digit of v?
5
Suppose -2 = -4*r + 14, 5*l + 4*r - 31 = 0. Suppose 6*i = c + 5*i - 48, -4*c = l*i - 227. Let p = 80 - c. What is the tens digit of p?
2
Suppose -n + 3*n = 4*k - 22, 5*k + n - 17 = 0. Suppose -u + 2*u = v - 55, k*u - v = -226. What is the tens digit of u/2*10/(-15)?
1
Let s(g) = g**2 - 22*g + 139. What is the hundreds digit of s(34)?
5
Suppose 15*d - 10629 - 28416 = 0. What is the hundreds digit of d?
6
Let y(c) = 128*c**3 + 3*c**2 - c + 2. Let s(i) = 256*i**3 + 7*i**2 - 2*i + 5. Let r(z) = -2*s(z) + 5*y(z). What is the hundreds digit of r(1)?
1
Let a(m) = -477*m**3 - 4*m**2 - 3*m - 2. What is the tens digit of a(-1)?
7
Suppose r - k + 101 = -4*k, 3*r - 5*k = -317. Suppose 4*w = p + 635, -w = 2*p - 0*p - 161. Let m = r + w. What is the tens digit of m?
5
Suppose 3*p - 6*p = -6. Suppose -5*c - 2*z + 24 = -0*z, 5*z + p = 3*c. Suppose -8*q - 5 = -3*q, c*q = -5*y + 266. What is the tens digit of y?
5
Let a = 195 - -94. What is the hundreds digit of a?
2
Let w = 3768 - 1822. What is the hundreds digit of w?
9
Suppose 2*j = 3*v + 489, -47 = 2*v - 53. What is the tens digit of j?
4
Let g = -617 - -428. Let w = -116 - g. What is the tens digit of w?
7
What is the thousands digit of -18 + 1800 + 1 + -1?
1
What is the units digit of 30/(-35)*28/(-6)?
4
Let m(r) be the third derivative of -r**4/2 - r**3/3 + 44*r**2. Let p(v) = v**2 - 6*v - 3. Let z be p(6). What is the tens digit of m(z)?
3
Suppose 0 = -4*c + 28 - 8, g - 98 = -5*c. Suppose -g = -v + 5. Suppose -2*b + v = 4*r, 5*r - 2*b = r + 82. What is the tens digit of r?
2
Suppose -11 = -g - 41. Let t = 58 - g. What is the units digit of t?
8
Suppose 38*i + 19380 = 55*i. What is the tens digit of i?
4
Let j = -39 + 44. Suppose -28 = -l + j. What is the tens digit of l?
3
Suppose -5*r - 130 = 3*s, 0 = 2*s + 2*r + 48 + 44. Let c be (-4*(-2)/3)/(54/81). Let m = c - s. What is the units digit of m?
4
Let i(u) = 9*u**2. Suppose 3*t - 108 = -0*t. Let p = 34 - t. What is the tens digit of i(p)?
3
Suppose -4*c - 2688 = -8*c. Suppose -2*w = -4*i + c, -5*w - i = 4*i + 1680. What is the units digit of w/(-9) - (-4)/6?
8
Suppose 121 + 68 = 7*p. Let o = -11 + p. What is the tens digit of o?
1
Suppose 5*b + 175 = -5*t, 2*t + 2*t - 157 = 5*b. Suppose 0 = -7*q + 102 - 291. Let c = q - b. What is the units digit of c?
6
Let s(i) = 35*i + 648. What is the units digit of s(62)?
8
Let n(v) = -14*v**3 + 39*v + 145. What is the thousands digit of n(-7)?
4
Let w(t) = -4*t**3 - 5*t**2 + 32*t - 13. What is the units digit of w(-7)?
0
Let b be ((-4)/(-4))/(3/423). Let m = -66 + b. What is the units digit of m?
5
Let a be (-1 - (-20)/(-16))*4. Let i = a - -8. Let o(h) = -13*h**3 - h**2 + h + 1. What is the tens digit of o(i)?
1
Suppose 5*x - 4533 = -b, 2175 - 378 = 2*x - 5*b. What is the hundreds digit of x?
9
Let m = 331 + -229. What is the hundreds digit of m?
1
Suppose 4*y = -3*z + 177, -3*y + 105 = -5*z - 35. Let g = y + -11. Suppose g = -5*p + 7*p. What is the units digit of p?
7
Let r(t) = -3*t**2 - 12 + 10*t**2 - t**3 + 14 - 7. Let i be r(6). Suppose -77 + i = -2*w. What is the tens digit of w?
2
Let z(c) = c**3 + 2*c**2 + 2*c + 4. Let y be z(-3). Let o(r) = 2 + 29912*r + 3 - 29916*r. What is the tens digit of o(y)?
4
Suppose 4*n - 3294 + 27 = m, 4*m = -12. What is the tens digit of n?
1
Let t = 194 + 33. What is the tens digit of t?
2
Suppose j = 22 - 8. Let w(h) = -1 + j*h - 10*h - 1 + 12*h. What is the tens digit of w(2)?
3
Let y = 3124 - 2225. What is the units digit of y?
9
Suppose -2 - 22 = -4*i. Let w(n) = n**3 - 5*n**2 - 4*n - 3. What is the units digit of w(i)?
9
Suppose 0 = 4*a - 32. Suppose 7*l - 36 + a = 0. Let j(c) = c + 2. What is the units digit of j(l)?
6
Let i(h) = 1 + 2*h**2 + 24*h**3 + 2*h**2 - 23*h**3 - 4*h. Let t be i(3). Suppose 2*j - 10 = 0, -5*j + t = d + 16. What is the units digit of d?
1
Suppose 2*a = -3*a - 4*z + 1585, -4*z + 20 = 0. What is the units digit of a?
3
Let j = 34 - 31. What is the units digit of (-2)/45*j + (-18648)/(-135)?
8
Let s = 3483 + -1746. What is the units digit of s?
7
Suppose 16840 = 5*o + g, 64*o - 3*g = 62*o + 6719. What is the tens digit of o?
6
Let n = 760 + -394. Suppose 5*f - n = 2*f. What is the hundreds digit of f?
1
Let o = 571 + -553. What is the tens digit of o?
1
Suppose 11*i + 3*i = 6860. Suppose 0 = -46*u + 51*u - i. What is the tens digit of u?
9
Let g = 9869 + -6799. What is the hundreds digit of g?
0
Let u(s) = 6*s**2 + 14*s - 11. What is the units digit of u(9)?
1
Let d(r) be the second derivative of r**4/12 - r**3/3 - 3*r**2 + 14*r. What is the units digit of d(4)?
2
Suppose 12*a - 33 = a. What is the units digit of (2 + 17)/(a/24)?
2
Suppose -15975 = -23*z - 2*z. What is the tens digit of z?
3
Let s(d) = -9*d - 1. Let a be s(-1). Let n be a/12*(-657)/(-6). Suppose -4*g + n = 3*t, 3*t = 7*t - 12. What is the units digit of g?
6
Suppose 6 = 3*j - 6. Let a(n) = 2*n**3 - 1 + 5 + 0 - 3*n**3 + n + 4*n**2. What is the units digit of a(j)?
8
Let b(c) = 27*c + 32. Let y be 660/65 - 6/39. What is the tens digit of b(y)?
0
Suppose -56*s + 5615 = -51*s. What is the units digit of s?
3
Let j(k) = -k**2 + 10*k + 8. Let f be j(8). Suppose -51 = -5*z + 2*b, 0*z + f = 3*z + b. What is the units digit of z?
9
Suppose -31 = -4*f - 5*j, 5*j - 8*j = -3*f + 3. Suppose -2*q + 8 = 0, 28 = 4*x + 5*q - 3*q. Suppose -3*p + 3*d + 47 = x, 4 = -f*d. What is the units digit of p?
3
Let j(n) be the third derivative of -n**4/3 - n**3/6 - 2*n**2. Let t = 29 - 33. What is the tens digit of j(t)?
3
What is the units digit of (-56)/2*(-2)/4?
4
Suppose 5*c = 4*x + 3100, 9*c - 4*c + 5*x = 3055. What is the hundreds digit of c?
6
Suppose -22 = -16*d + 5*d. Suppose 2*k = -0*k - 2*z + 352, -361 = -d*k - 5*z. What is the tens digit of k?
7
Suppose 21 = 2*f + 7. Suppose m = -f*m + 1688. What is the units digit of m?
1
Let d(s) = 8*s**2 - 26*s - 189. What is the hundreds digit of d(-15)?
0
Suppose -31*y = -26*y - 3245. What is the units digit of y?
9
Let h be 1/3 + (-40)/(-24). Suppose -k + 49 = 4*k + c, -h*k = c - 19. Suppose 3*b = 5*b - k. What is the units digit of b?
5
Let n = 13 - 11. Let s(h) = 74*h - 2. Let g be s(n). Suppose r = 2*w - 4*r - 53, -4*w + 2*r = -g. What is the tens digit of w?
3
Suppose 0 = -7*t + 13*t - 162. Suppose t = 5*b - 13. Suppose b*v - 10*v = -136. What is the tens digit of v?
6
Let d(t) = -t**3 - 39*t**2 - 155*t - 38. What is the hundreds digit of d(-37)?
9
Suppose -4*h - 2*b + 211 + 57 = 0, 134 = 2*h + 5*b. Suppose -5*t = -x + 341, -2*x - 3*t - h + 697 = 0. What is the tens digit of x?
2
Suppose -5*z + 3*m = -60, -4*z + 18*m = 17*m - 41. What is the units digit of z?
9
Let v(r) = -15*r + 147. What is the units digit of v(-13)?
2
Suppose 9*n + 116 = 8. What is the hundreds digit of (-637)/(-6) + ((-34)/n - 3)?
1
Let f = -46 - -39. Let q(j) = 3*j**2 - 3*j + 7. What is the tens digit of q(f)?
7
Let w be (-39)/(-65) - (-14)/10. Suppose w*i + 60 = 8*i. What is the tens digit of i?
1
What is the tens digit of 12633/27 - (-1 + 16/18)?
6
Let q(t) be the third derivative of t**4/4 + 11*t**3 + 50*t**2. What is the hundreds digit of q(21)?
1
Suppose 2*x - 145 + 444 = -3*o, 0 = 2*o + 5*x + 192. Let b = o - -214. What is the units digit of b?
3
Suppose -2346 = -4*q - 534. What is the units digit of q?
3
Let d = 494 - -2424. What is the hundreds digit of d?
9
Let t(i) = 2*i**2 + i + 3. Suppose 3*f + 0 = -k - 4, -4*k = 4*f + 16. Let o be t(f). Suppose o*v = 8*v - 20. What is the units digit of v?
4
Let z(x) = x**3 - 2*x**2 - 3*x. Let s be z(3). Let i = 1 - s. What is the units digit of 0/i + -5 + 11?
6
Let l = -21 + 24. Suppose 0*w = w + l*s - 24, -4*w + 113 = -5*s. What is the tens digit of w?
2
Let y(r) be the second derivative of -r**5/20 - 7*r**4/12 + r**3/6 + 9*r**2/2 + 2*r. Let i be y(-7). What is the units digit of (1/i)